of 409393.
19, 29, 743
What are the prime factors of 142708?
2, 35677
List the prime factors of 198880.
2, 5, 11, 113
What are the prime factors of 459293?
459293
List the prime factors of 26551918.
2, 13275959
What are the prime factors of 684009?
3, 76001
What are the prime factors of 397820?
2, 5, 19891
What are the prime factors of 1593438?
2, 3, 7, 11, 3449
What are the prime factors of 513222?
2, 3, 23, 3719
List the prime factors of 1409030.
2, 5, 7, 20129
List the prime factors of 374416.
2, 7, 3343
What are the prime factors of 1347948?
2, 3, 7, 1783
What are the prime factors of 4136768?
2, 109, 593
List the prime factors of 1614610.
2, 5, 161461
What are the prime factors of 3490600?
2, 5, 31, 563
List the prime factors of 3190005.
3, 5, 7, 13, 19, 41
What are the prime factors of 3378166?
2, 11, 43, 3571
List the prime factors of 173377.
281, 617
What are the prime factors of 1343507?
11, 37, 3301
List the prime factors of 217214.
2, 67, 1621
What are the prime factors of 17048125?
5, 27277
List the prime factors of 9530917.
11, 181, 4787
List the prime factors of 15810193.
7, 307, 1051
What are the prime factors of 3868552?
2, 19, 31, 821
List the prime factors of 25970886.
2, 3, 1442827
List the prime factors of 13677680.
2, 5, 170971
What are the prime factors of 769942?
2, 61, 6311
List the prime factors of 28531.
103, 277
List the prime factors of 624825.
3, 5, 2777
List the prime factors of 286428.
2, 3, 23869
List the prime factors of 694841.
7, 17, 5839
What are the prime factors of 1434265?
5, 7, 43, 953
What are the prime factors of 225783?
3, 25087
What are the prime factors of 571730?
2, 5, 57173
List the prime factors of 16871269.
2003, 8423
List the prime factors of 4168293.
3, 1389431
What are the prime factors of 120499?
41, 2939
List the prime factors of 383190.
2, 3, 5, 53, 241
What are the prime factors of 308508?
2, 3, 47, 547
What are the prime factors of 2247718?
2, 11, 71, 1439
List the prime factors of 5279499.
3, 65179
List the prime factors of 6597235.
5, 137, 9631
What are the prime factors of 185638?
2, 101, 919
List the prime factors of 19100692.
2, 13, 367321
What are the prime factors of 151482?
2, 3, 25247
What are the prime factors of 20559?
3, 7, 11, 89
What are the prime factors of 741013?
7, 13, 17, 479
What are the prime factors of 290778?
2, 3, 48463
What are the prime factors of 381024?
2, 3, 7
List the prime factors of 4454282.
2, 7, 37, 8599
List the prime factors of 390889.
390889
What are the prime factors of 444796?
2, 11, 919
What are the prime factors of 2887475?
5, 115499
List the prime factors of 413338.
2, 17, 12157
List the prime factors of 34228777.
11, 89, 34963
What are the prime factors of 1283002?
2, 7, 113, 811
What are the prime factors of 1406508?
2, 3, 117209
List the prime factors of 205174.
2, 102587
What are the prime factors of 388678?
2, 31, 6269
List the prime factors of 542352.
2, 3, 11299
What are the prime factors of 433288?
2, 41, 1321
List the prime factors of 20553413.
3217, 6389
What are the prime factors of 8696759?
8696759
What are the prime factors of 419446?
2, 401, 523
What are the prime factors of 20557130?
2, 5, 11, 186883
List the prime factors of 2549744.
2, 37, 59, 73
What are the prime factors of 17297936?
2, 1081121
List the prime factors of 926652.
2, 3, 31, 47, 53
List the prime factors of 1074634.
2, 11, 48847
What are the prime factors of 3502683?
3, 83, 521
List the prime factors of 507409.
7, 173, 419
List the prime factors of 2572288.
2, 157
What are the prime factors of 906935?
5, 181387
What are the prime factors of 242651?
167, 1453
List the prime factors of 4774281.
3, 173, 9199
What are the prime factors of 566073?
3, 62897
List the prime factors of 49610.
2, 5, 11, 41
List the prime factors of 16268060.
2, 5, 233, 3491
What are the prime factors of 25235451?
3, 2803939
List the prime factors of 1784455.
5, 23, 59, 263
List the prime factors of 2626067.
1117, 2351
List the prime factors of 2300288.
2, 17971
What are the prime factors of 5492489?
71, 77359
What are the prime factors of 11753095?
5, 59, 39841
List the prime factors of 760907.
7, 71, 1531
List the prime factors of 8703947.
7, 1243421
What are the prime factors of 4148540?
2, 5, 11, 109, 173
What are the prime factors of 579600?
2, 3, 5, 7, 23
List the prime factors of 681535.
5, 31, 4397
List the prime factors of 332584.
2, 7, 5939
What are the prime factors of 1095448?
2, 149, 919
List the prime factors of 1517081.
67, 22643
What are the prime factors of 1215704?
2, 7, 17, 1277
List the prime factors of 4388541.
3, 29, 73, 691
What are the prime factors of 1474971?
3, 17, 28921
List the prime factors of 426116.
2, 307, 347
What are the prime factors of 463380?
2, 3, 5, 7723
What are the prime factors of 505655?
5, 23, 4397
What are the prime factors of 168915?
3, 5, 11261
What are the prime factors of 38225517?
3, 11, 23, 50363
List the prime factors of 10158423.
3, 11, 307831
List the prime factors of 13986346.
2, 11, 23, 131, 211
List the prime factors of 269953.
269953
What are the prime factors of 28101027?
3, 311, 30119
List the prime factors of 481799.
97, 4967
What are the prime factors of 20477838?
2, 3, 59, 57847
What are the prime factors of 797301?
3, 88589
What are the prime factors of 1355660?
2, 5, 67783
What are the prime factors of 382792?
2, 59, 811
List the prime factors of 6968873.
6968873
List the prime factors of 3410631.
3, 7, 43, 1259
List the prime factors of 122169.
3, 193, 211
List the prime factors of 411471.
3, 131, 349
What are the prime factors of 56665?
5, 7, 1619
What are the prime factors of 2685126?
2, 3, 447521
List the prime factors of 187967.
13, 19, 761
What are the prime factors of 491387?
13, 37799
What are the prime factors of 846810?
2, 3, 5, 97
What are the prime factors of 4894872?
2, 3, 203953
List the prime factors of 318505.
5, 11, 5791
List the prime factors of 1049212.
2, 262303
List the prime factors of 1244967.
3, 23, 18043
What are the prime factors of 207143?
359, 577
What are the prime factors of 3534697?
79, 101, 443
List the prime factors of 522114.
2, 3, 173, 503
List the prime factors of 1974582.
2, 3, 163, 673
What are the prime factors of 1166332?
2, 43, 6781
What are the prime factors of 1056833?
1056833
List the prime factors of 1421646.
2, 3, 313, 757
List the prime factors of 399454.
2, 11, 67, 271
What are the prime factors of 13907528?
2, 41, 109, 389
List the prime factors of 94096.
2, 5881
List the prime factors of 39838.
2, 19919
What are the prime factors of 2909391?
3, 969797
What are the prime factors of 6636958?
2, 3318479
List the prime factors of 227205.
3, 5, 11, 17
What are the prime factors of 197636?
2, 49409
What are the prime factors of 755460?
2, 3, 5, 1399
What are the prime factors of 890731?
439, 2029
List the prime factors of 143508.
2, 3, 11959
List the prime factors of 8917159.
8917159
What are the prime factors of 12606186?
2, 3, 503, 4177
List the prime factors of 11447567.
11447567
What are the prime factors of 4187534?
2, 13, 161059
List the prime factors of 278380.
2, 5, 31, 449
List the prime factors of 4241229.
3, 113, 12511
What are the prime factors of 4808742?
2, 3, 37, 21661
List the prime factors of 1026363.
3, 13, 26317
What are the prime factors of 2919867?
3, 973289
List the prime factors of 10435266.
2, 3, 579737
What are the prime factors of 8623421?
139, 62039
What are the prime factors of 9757011?
3, 11, 37, 61, 131
What are the prime factors of 8131675?
5, 37, 59, 149
List the prime factors of 66874.
2, 29, 1153
List the prime factors of 2328520.
2, 5, 23, 2531
List the prime factors of 1549628.
2, 31, 12497
What are the prime factors of 10434871?
1093, 9547
List the prime factors of 113148.
2, 3, 7, 449
What are the prime factors of 11175337?
11175337
What are the prime factors of 101316?
2, 3, 8443
List the prime factors of 67462.
2, 89, 379
What are the prime factors of 51263?
51263
List the prime factors of 65836.
2, 109, 151
What are the prime factors of 349168?
2, 139, 157
What are the prime factors of 3393089?
7, 484727
List the prime factors of 5445733.
23, 236771
What are the prime factors of 25241804?
2, 7, 17, 19, 2791
What are the prime factors of 13